{"id":2206,"date":"2024-10-04T15:30:35","date_gmt":"2024-10-04T13:30:35","guid":{"rendered":"https:\/\/chalonformation.com\/?page_id=2206"},"modified":"2025-10-21T16:55:46","modified_gmt":"2025-10-21T14:55:46","slug":"les-negociales","status":"publish","type":"page","link":"https:\/\/chalonformation.com\/index.php\/les-negociales\/","title":{"rendered":"Concours Les N\u00e9gociales"},"content":{"rendered":"<div  data-label=\"Content\" data-id=\"content--1\" data-export-id=\"content-12\" data-category=\"content\" class=\"content-12 content-section content-section-spacing\" id=\"content-1\" style=\"background-color: rgb(255, 255, 255);\"><div  class=\"gridContainer\"> <div  class=\"row text-center\"><div  class=\"section-title-col\" data-type=\"column\"> <h2  class=\"\"><span  style=\"font-weight: 600; color: rgb(34, 34, 34);\">Dijon Formation et Chalon Formation se r\u00e9unissent sous une seule banni\u00e8re pour accueillir le Negotour.<\/span><\/h2> <h3 class=\"\" ><span style=\"color: rgb(227, 6, 19);\" >1er et 2 avril 2026 \u2013 Nancy<\/span><\/h3><p  class=\"lead\"><span style=\"color: rgb(227, 6, 19);\" >Depuis 36 ans, 6000 candidats, 3000 professionnels, 200 entreprises partenaires<\/span><\/p><p  class=\"lead\" style=\"text-align: center;\">Les N\u00e9gociales est le plus grand concours de n\u00e9gociation commerciale francophone centr\u00e9 sur la n\u00e9gociation commerciale, destin\u00e9 principalement aux \u00e9tudiants et jeunes professionnels. Il a pour objectif de mettre en valeur les comp\u00e9tences en vente et en n\u00e9gociation des participants, en les confrontant \u00e0 des situations professionnelles r\u00e9elles simul\u00e9es par des jurys compos\u00e9s de professionnels du secteur.<\/p><a  class=\"button big color10\" href=\"https:\/\/dijonformation.com\/index.php\/les-negociales\" target=\"_blank\" data-cp-link=\"1\" data-icon=\"\">En savoir plus sur la page de Dijon<\/a><\/div> <\/div> <div  class=\"row center-xs middle-xs\"> <div  class=\"col-sm-9\" data-type=\"column\"> <img  decoding=\"async\" class=\"custom-image\" src=\"https:\/\/chalonformation.com\/wp-content\/uploads\/2025\/10\/cropped-Finalistes-34eme-Finale-LES-NEGOCIALES-scaled-1.jpg\" title=\"Finalistes 34e\u0300me Finale - LES NE\u0301GOCIALES\" alt=\"\"><\/div> <\/div><\/div> <\/div><div  data-label=\"Content\" data-id=\"content--5\" data-export-id=\"content-11\" data-category=\"content\" class=\"content-11 content-section content-section-spacing\" id=\"content-5\" style=\"background-color: rgb(255, 255, 255);\"><div  class=\"gridContainer\"> <div  class=\"row text-center\"><div  class=\"section-title-col\" data-type=\"column\">  <\/div> <\/div> <div  class=\"row center-xs middle-xs\"> <div  class=\"col-sm-9\"> <div  class=\"lightbox-video lightbox-video-tall dark-overlay shadow-large flexbox middle-xs center-xs\" data-type=\"group\" data-bg=\"image\" style=\"background-image: url(&quot;https:\/\/chalonformation.com\/wp-content\/uploads\/2024\/10\/cropped-Capture-decran-2024-10-07-102236.png&quot;);\"> <a  data-fancybox=\"\" data-video-lightbox=\"true\" href=\"https:\/\/www.youtube.com\/watch?v=glvCNy8Gc6g\" class=\"\"> <i  data-cp-fa=\"true\" class=\"fa video-icon fa-play-circle-o color9\"><\/i><\/a> <\/div><\/div> <\/div><\/div> <\/div><div  data-label=\"Cta\" data-id=\"cta--1\" data-export-id=\"cta-blue-section\" data-category=\"cta\" class=\"cta-blue-section content-section content-section-spacing-medium bg-color1 white-text\" id=\"cta-1\" style=\"background-image: none; background-color: rgb(227, 6, 19);\"><div  class=\"gridContainer\"> <div  class=\"row middle-xs\"><div  class=\"col-sm-8 space-bottom-xs\" data-type=\"column\">  <h3  class=\"\"><span  style=\"font-weight: 600;\">En savoir + sur Les N\u00e9gociales 2025\/2026<\/span><\/h3><\/div> <div  class=\"col-sm-4 end-sm\" data-type=\"column\"> <a  class=\"button color9 dark-text\" href=\"https:\/\/www.lesnegociales.com\" target=\"_blank\" data-cp-link=\"1\" data-icon=\"\" rel=\"noopener\">SITE OFFICIEL<\/a><\/div> <\/div><\/div> <\/div>","protected":false},"excerpt":{"rendered":"<p>Dijon Formation et Chalon Formation se r\u00e9unissent sous une seule banni\u00e8re pour accueillir le Negotour. 1er et 2 avril 2026 \u2013 NancyDepuis 36 ans, 6000 candidats, 3000 professionnels, 200 entreprises partenairesLes N\u00e9gociales est le plus grand concours de n\u00e9gociation commerciale francophone centr\u00e9 sur la n\u00e9gociation commerciale, destin\u00e9 principalement aux \u00e9tudiants et jeunes professionnels. Il a&hellip; <br \/> <a class=\"read-more\" href=\"https:\/\/chalonformation.com\/index.php\/les-negociales\/\">Read more<\/a><\/p>\n","protected":false},"author":1,"featured_media":0,"parent":0,"menu_order":0,"comment_status":"closed","ping_status":"closed","template":"pro\/page-templates\/full-width-page.php","meta":{"om_disable_all_campaigns":false,"_monsterinsights_skip_tracking":false,"_monsterinsights_sitenote_active":false,"_monsterinsights_sitenote_note":"","_monsterinsights_sitenote_category":0,"_uf_show_specific_survey":0,"_uf_disable_surveys":false,"footnotes":""},"class_list":["post-2206","page","type-page","status-publish","hentry"],"_links":{"self":[{"href":"https:\/\/chalonformation.com\/index.php\/wp-json\/wp\/v2\/pages\/2206","targetHints":{"allow":["GET"]}}],"collection":[{"href":"https:\/\/chalonformation.com\/index.php\/wp-json\/wp\/v2\/pages"}],"about":[{"href":"https:\/\/chalonformation.com\/index.php\/wp-json\/wp\/v2\/types\/page"}],"author":[{"embeddable":true,"href":"https:\/\/chalonformation.com\/index.php\/wp-json\/wp\/v2\/users\/1"}],"replies":[{"embeddable":true,"href":"https:\/\/chalonformation.com\/index.php\/wp-json\/wp\/v2\/comments?post=2206"}],"version-history":[{"count":17,"href":"https:\/\/chalonformation.com\/index.php\/wp-json\/wp\/v2\/pages\/2206\/revisions"}],"predecessor-version":[{"id":2748,"href":"https:\/\/chalonformation.com\/index.php\/wp-json\/wp\/v2\/pages\/2206\/revisions\/2748"}],"wp:attachment":[{"href":"https:\/\/chalonformation.com\/index.php\/wp-json\/wp\/v2\/media?parent=2206"}],"curies":[{"name":"wp","href":"https:\/\/api.w.org\/{rel}","templated":true}]}}